3*j - 3. Let i(k) = l(k) + 3*o(k). Let q(f) = 5*i(f) - 2*s(f). Determine q(-3).
-1
Suppose -4*a + 3 = -a. Let w(m) be the second derivative of m**4/6 + m**3/6 - m**2/2 + 6*m + 2. Give w(a).
2
Let c(a) = -a**3 + a**2 - a - 5. Let h be (-6)/(-27) + 92/(-9). Let p(o) be the first derivative of o**2/2 + 10*o - 3. Let n be p(h). Calculate c(n).
-5
Let s = 2 - 0. Suppose h + s*h + 6 = 0. Let d(k) = 5*k**3 - 6*k**2 - 5*k - 7. Let p(q) = -9*q**3 + 11*q**2 + 9*q + 13. Let r(x) = 11*d(x) + 6*p(x). Give r(h).
-5
Let d(a) = -a**2 - 12*a - 5. Let z(f) = f**3 + 3*f**2 - 11. Let c be z(-3). Give d(c).
6
Let k(a) = -10*a**2 - 7*a + 6. Let x(m) = 10*m**2 + 8*m - 7. Let w(v) = 6*k(v) + 5*x(v). Let z be ((-6)/12)/(1/(-2)). Give w(z).
-11
Suppose -20 + 4 = -4*m. Let f be (-36)/(-15) - m/10. Let b(t) = 6*t. Calculate b(f).
12
Let j(y) be the second derivative of -y**5/30 + y**4/24 - y**3/6 - 3*y**2/2 - 3*y. Let i(r) be the first derivative of j(r). Let u = 9 + -11. What is i(u)?
-11
Let x(c) = 22*c**2 - 2*c - c**3 + 20*c**2 - 40*c**2 + 1. Give x(2).
-3
Let g(r) = -2*r + 6*r - 4 + 1. Let t be 2/(-7) + (-164)/14. Let s be (-3)/t*2*8. Give g(s).
13
Let r(k) = -k + 3*k + 0 - 6 + 0*k. Let m be 6 + (-2 - -1 - -1). Determine r(m).
6
Let j = 5 + -3. Let i(h) = -5*h**3 + 2*h**2 + h - 2*h**j + 0*h - h**2. What is i(1)?
-5
Let y(q) = -q**3 - 9*q**2 - q - 9. Let w be ((2 - -11) + -4)/(-1). Determine y(w).
0
Let r(m) = -2*m**2 + 2. Let c = 48 + -46. What is r(c)?
-6
Let m be (12/15)/(1/((-5)/2)). Let c(i) = i**3 + 4*i**2 + 2*i - 2. Determine c(m).
2
Let v be 0/1 - (-1 + -2). Let s(t) = v + t - 4 + 1. Let w be 6*1/(-1) + 2. What is s(w)?
-4
Let o(m) be the second derivative of -m**5/20 - m**4/2 + 7*m**3/6 - 3*m**2/2 - 4*m. Determine o(-7).
-3
Let f(l) be the second derivative of 3/2*l**2 + 0 - 1/12*l**4 + l + 0*l**3. Determine f(-3).
-6
Let n(s) = -3*s - 14*s**2 - 2*s - 14*s**2 + 27*s**2. Give n(-4).
4
Suppose 2*d - 7 = 3. Let u = 0 - -2. Let q(i) = -4 + 5*i - 3 - 3*i**2 + 4*i**u - 2*i**2. What is q(d)?
-7
Let k(x) be the first derivative of x**3/3 - 4*x**2 - x - 3. Calculate k(6).
-13
Let v(t) = -t + 2. Let o be (-2 + 3)/((-2)/10). Let m(c) = c**3 + 6*c**2 + 6*c + 7. Let q be m(o). What is v(q)?
0
Let x(k) = 2*k**2. Let j be x(-1). Let g(a) = 1 + a**j - 6*a - 8*a**2 + 6*a**2. Determine g(-6).
1
Let y(i) be the second derivative of -2*i**3/3 - 2*i. Let z = -1 + 0. Determine y(z).
4
Let i(w) = -w**3 - w**2 + 3. Let c(n) = -n**2 + 6*n + 3. Let h be c(6). Let s = h - 3. Calculate i(s).
3
Let q = 20 - 16. Let h be q/18 + (-235)/45. Let p(s) = s + 3. Calculate p(h).
-2
Let k(t) = -5*t**3 - 4. Let p(f) = -6*f**3 + f**2 - f - 4. Let x(i) = 7*k(i) - 6*p(i). Calculate x(5).
1
Let k(c) = 3*c**2 + 2*c - 1. Let s be -1 + 1 - (4/4 - 10). Suppose 2 + 6 = d. Let u = s - d. What is k(u)?
4
Let c(b) = b**2 + 7*b. Let u = -1 - -6. Let s(l) = 3*l**2 + 14*l. Let p(f) = u*c(f) - 2*s(f). Determine p(6).
6
Let x(t) = -t - 4. Let h(u) = -u - 5. Let l(z) = 2*h(z) - 3*x(z). Suppose 0 = 3*r - 4*p, 2*r - 5*p + 1 = 8. Calculate l(r).
-2
Let r(p) = -14*p - 4. Let f(s) = -s - 1. Let n(q) = -5*f(q) + r(q). Determine n(1).
-8
Let l(h) be the third derivative of h**4/12 - 5*h**3/6 - h**2. Let q(w) = w**3 + w + 1. Let c be q(0). Let m = 6 - c. Determine l(m).
5
Suppose -6 = -3*j + w - 1, 5*j = -4*w - 20. Let m(b) = -7*b**2 - 2*b - 13. Let x(v) = 4*v**2 + v + 6. Let g(d) = -3*m(d) - 5*x(d). What is g(j)?
9
Let g(f) = -f**2 + 5. Let h be g(0). Suppose 10*o = h*o. Let z(l) = l**2 - l + 6. Determine z(o).
6
Let t(x) = 3*x + 4 + 4 - 4. Let z(n) be the first derivative of n**2 + 3*n + 1. Let o(v) = -5*t(v) + 8*z(v). Give o(-4).
0
Let l(w) be the first derivative of w**3/3 + 5*w**2/2 - 10*w + 35. Give l(-7).
4
Let z(p) = 2*p**3 - 1 + 3*p**2 - 3 - 5*p - p**3. Let m be (-2)/(-3)*84/8. Let n = m - 11. Calculate z(n).
0
Let o(s) = s - 6. Let y be (-2 - -2)/(7 - 8). Determine o(y).
-6
Let v = -1 - 3. Suppose -h + 15 = -2*o, h = 2*o + 6*h + 9. Let i = v - o. Let x(w) = 2*w - 3. Calculate x(i).
3
Let r = 7 + -3. Let v(j) = -7*j + 4. Let a be (-6)/(-2*(-4)/(-8)). Let s(o) = -8*o + 4. Let l(h) = a*s(h) - 7*v(h). Give l(r).
0
Let o(w) = -w**2 + w - 1. Let f(y) = y**3 - 3*y**2 - 2*y - 4. Let l(v) = -f(v) - o(v). Suppose 3*r - 17 + 5 = 0. What is l(r)?
9
Let q(m) = m + 2. Let f(h) = -h + 2. Let d be f(5). Let y = -5 - d. Calculate q(y).
0
Let u(r) = -2*r**2 - 4*r + 3. Let t(a) = -a**3 + 8*a**2 - 17*a + 26. Let j be t(6). Determine u(j).
-13
Suppose -5*j + 61 = 21. Suppose 5*h = -j - 12. Let q(y) = -y**2 - 3*y - 6. Give q(h).
-10
Let u(t) = 6*t - 4*t**3 + 2*t**3 + 4 + 3*t**3 + 7*t**2. Let i be u(-6). Suppose 0 = i*a + 4, 4*l + l - 5*a - 20 = 0. Let z(k) = 3*k - 4. Give z(l).
5
Let h be 3/(-15) + (-21)/(-5). Let l = 8 - h. Let f(b) = -b - 3 + l*b - 2*b. Determine f(2).
-1
Suppose -2*y + 5*u = -17, -7*u + 3*u = -4*y + 28. Let f(g) = -g**3 + 5*g**2 + 7*g - 6. What is f(y)?
0
Let a(g) be the second derivative of g**5/20 - 5*g**4/12 + g**3/3 + 2*g**2 + 28*g. Let i(u) = -u**2 - 5*u. Let h be i(-4). What is a(h)?
-4
Let p(c) = c**3. Let k(a) = 7*a**3 + 4*a**2 + 3*a + 2. Let s(x) = k(x) - 5*p(x). Determine s(-2).
-4
Let h(t) be the second derivative of -t**5/20 + 5*t**4/6 + 13*t**3/6 - 8*t**2 + t. Give h(11).
6
Suppose -5*m = -0*m - 10. Let z(b) = b**3 + 3*b**2 - b + 4. Let v(i) = i - 1. Let h(k) = m*v(k) + z(k). Give h(-2).
4
Let s(x) = -x**3 - x**2 + x + 1. Let j be (-4)/(-6) + (-2)/3. Let g be s(j). Let z(k) = 0*k + 147*k**3 - 148*k**3 + 1 - 3*k + 2*k. Calculate z(g).
-1
Let d(j) = -3*j + 6. Let a(c) = 2*c - 4. Let k(h) = 8*a(h) + 5*d(h). Let w = 10 + -6. Give k(w).
2
Let p = 14 - 18. Let a be (-8)/p + 0 + -6. Let h(d) = 2*d + 4. Calculate h(a).
-4
Let m(j) be the first derivative of -3*j**2 + j - 5. Let o(g) = -2*g - 1. Let r(c) = c**2 + 5*c + 2. Let z(y) = 5*o(y) + 2*r(y). Let n be z(-1). Calculate m(n).
-5
Suppose -r = 2*d - 1, 14 + 2 = -d + 5*r. Let x(v) = -10*v**3 - 2*v**2 - v. Determine x(d).
9
Let j(x) = -9*x + 16. Let m = 0 + -3. Let f(t) = -4*t + 8. Let n(p) = m*j(p) + 7*f(p). Give n(6).
2
Let x(p) be the second derivative of -p**4/12 + p**3/6 - p**2/2 - p. Let a = 1 - 1. What is x(a)?
-1
Suppose -5 = 2*m + 3. Let z be ((-2)/m)/(3/(-30)). Let h(j) = j - 11. Let o(r) = 2*r - 12. Let k(i) = -3*h(i) + 2*o(i). Calculate k(z).
4
Let v(u) be the third derivative of -u**5/60 + 7*u**4/24 - u**3 - 28*u**2. Determine v(4).
6
Suppose 80 = 3*g - 4. Let f be 4/(-6) + g/6. Let s(w) = 1 - 4*w**2 + 2*w**2 - 3*w + 3*w**2. Calculate s(f).
5
Suppose 12 = -8*m + 2*m. Let u(p) be the first derivative of -p**4/4 + p**2 - p - 1. What is u(m)?
3
Let p(x) = -x + 1. Let r(u) = 9*u. Let s(a) = a + 1. Let v(m) = -r(m) + 3*s(m). Let y(j) = 3*p(j) - v(j). What is y(3)?
9
Suppose -y - 1 = -2. Let b(l) be the first derivative of y + l + 1/2*l**2. Determine b(-2).
-1
Let m(a) = a**3 + 6*a**2 - a - 1. Suppose -5*v + 16*v = -66. What is m(v)?
5
Let x(j) = -5*j - 1 + 6*j + 0. Suppose -5*d + l + l + 27 = 0, 3*l - 12 = -3*d. Determine x(d).
4
Let a(j) = j**2 - 2*j - 2. Let m be a(-2). Let s = -9 + m. Let u(y) = -y - 1. Give u(s).
2
Let c(a) = -a**2. Let t be (1*1/2)/(1/(-10)). Calculate c(t).
-25
Let h be (-2)/((-2)/(8/2)). Suppose 0 = 6*m - 2*m - h. Let c(b) = -b + 7*b + 0*b. What is c(m)?
6
Let r(w) = -1 + 2 + 5*w**2 - 6*w**2 + 8*w. What is r(7)?
8
Let q(v) = -19*v + 35. Let y(f) = 12*f - 23. Let p(i) = 5*q(i) + 8*y(i). Give p(15).
6
Let o(r) = r + 4. Let t(s) = 4*s + 15. Let h be t(-5). Determine o(h).
-1
Let g(w) = -2*w - 3. Let o be g(-2). Let n(a) = -o - 3*a + 15*a + a. Determine n(1).
12
Let v(i) = -i**3 + i**2 + i + 1. Let b = -2 + 5. Let q be (-2)/b*(-45)/6. Suppose 4*f - q = -5*t, -4*t = -0*f - 3*f - 4. Calculate v(f).
1
Let f(x) = -x**2 + 7*x - 2. Let z(s) = -s + 1. Let h(n) = -f(n) - 2*z(n). Calculate h(6).
6
Let r(q) = -12*q**3 - q**2 - 2*q - 1. Suppose 4*z - 8 + 12 = 0. Determine r(z).
12
Let z(t) = -3*t. Suppose 5*q - 1 = 14. Suppose -q*a + 35 = -4*p, 3*a + 4*p - 5 = 2*p. Let d(v) = v. Let g(c) = a*d(c) + 2*z(c). Calculate g(4).
-4
Let d = -62 - -60. Let q(m) = 2*m**2 + 3*m + 1. Calculate q(d).
3
Suppose -6 = 6*h - 3*h. Let v = h + 3. Let t(u) = -4*u**2 - 2*u + 1. Determine t(v).
-5
Let f(u) be the second derivative of 3*u + 0 - 3/2*u**2 - 1/6*u